e highest common divisor of n and g?
17
Suppose 0 = -5*m + 25, 2*m - 295 = -5*t - 0*m. Let s = 120 - t. Let o be 6/4*(-42)/(-9). Calculate the greatest common factor of s and o.
7
Suppose -4*z + 2*v + 365 = -v, -4*v - 180 = -2*z. Let o be (-22 + -1)*(2 + -3). Calculate the highest common divisor of o and z.
23
Let u(v) = -v**3 - 5*v**2 + 4*v - 3. Let o be u(-6). Calculate the greatest common divisor of o and 99.
9
Let l(t) = t**3 - 14*t**2 + 16*t - 15. Let v = -12 - -25. Let n be l(v). What is the highest common factor of n and 3?
3
Let s(g) = -g**2 - 13*g + 5. Let r be s(-10). Let n(x) = x**3 + 8*x**2 + 7*x + 7. Let m be n(-7). What is the greatest common divisor of r and m?
7
Let y(w) = w**3 + 7*w**2 + 6*w + 3. Let x be y(-4). Calculate the greatest common divisor of x and 9.
9
Let c(h) = 0 + 5*h - 1 + 4*h**2 - 2. Let r be c(3). What is the greatest common divisor of r and 16?
16
Let j = 9 - 8. Let v be (-13)/3*(2 + j). Let n = v + 25. What is the greatest common divisor of 84 and n?
12
Let m = 301 - 189. Let y = m + -40. What is the highest common divisor of 8 and y?
8
Let c = -67 + 85. Calculate the greatest common factor of c and 27.
9
Let n = 5 + 3. Suppose n = -3*r + 4*r. Suppose 2*f - 118 = -2*o, 4*f = 3*o + 3*f - 197. Calculate the highest common divisor of o and r.
8
Let z be 8/1 + (-9 - -13). Calculate the greatest common divisor of z and 108.
12
Let i(l) = -l**3 + 11*l**2 - 7*l - 12. Let g be i(10). What is the greatest common divisor of g and 45?
9
Let r(v) = 6*v**2 - 8*v - 2. Let d be r(5). What is the greatest common divisor of d and 12?
12
Let p(d) = -d**3 - 15*d**2 + 17*d + 21. Let r be p(-16). What is the highest common factor of r and 35?
5
Let a be (0 - -2)*(-13)/(-2). Suppose -3*j - 4 = -j, -2*r + 3*j = -14. Let s be (-6)/(-12) + 414/r. What is the greatest common divisor of a and s?
13
Let v(l) = l**3 + 7*l**2 - 4*l. Let p be v(-6). Let k be -30*6*8/(-60). Suppose 0 = n - 2*n + k. What is the greatest common divisor of n and p?
12
Let j be 938/13 - 6/39. Calculate the greatest common factor of 18 and j.
18
Let u be (-4 - 15/(-6))*-4. What is the greatest common factor of 42 and u?
6
Let r = -35 - -23. Let q = r + 18. Let u be (4/q)/(3/54). What is the greatest common divisor of u and 132?
12
Let h(z) = -2*z**2 + 3*z + 1. Let s = -5 + 8. Let y be h(s). Let q be y/6*(1 - 34). What is the greatest common factor of q and 11?
11
Let x(q) = 7*q - 19. Let z be x(4). Calculate the highest common factor of z and 99.
9
Let z(h) = 3*h**3 + 2*h**2 - 9. Let k be z(3). What is the greatest common factor of k and 60?
30
Let j be 10/(3 - 1) + 26 + -25. Calculate the highest common factor of j and 9.
3
Suppose 5*t - d - 1267 = d, 3*d - 756 = -3*t. Let v(c) = 24*c**2 - 1. Let f be v(-1). What is the highest common factor of f and t?
23
Let c be ((-12)/(-5))/(6/20). Let a be (-81)/((10/(-4))/5). Suppose -3*y + a + 30 = 0. Calculate the highest common factor of c and y.
8
Suppose 5*i - 326 = -61. Let k = 113 - i. Let y be (12/5)/(8/k). Calculate the highest common factor of 6 and y.
6
Let a(b) = -28 + 28 - b**2 + 8*b. Let v be a(4). Calculate the greatest common divisor of 48 and v.
16
Suppose -2*i - 14 = -0*w - 5*w, -18 = -4*w + 5*i. Suppose -3*n + 376 = j, -w*j - 6 = j. What is the highest common divisor of n and 14?
14
Suppose 4*t + 6 = 7*t. Calculate the greatest common factor of t and 8.
2
Let m = 23 + 4. What is the greatest common divisor of 9 and m?
9
Suppose -5*a = -3*t - t - 192, -3*a - 4*t + 96 = 0. Suppose p - 5*z = 14, 0*p - 2*p + z + 46 = 0. Calculate the greatest common factor of a and p.
12
Let f = -65 - -72. What is the greatest common divisor of f and 28?
7
Let k(z) = -z**3 - 7*z**2 + 7*z - 3. Let m be k(-8). Let w = 20 - 35. Let y be 1*w*3/(-3). Calculate the highest common factor of m and y.
5
Suppose -4*g + 0*g - 16 = 0. Let a be g/(-2) + (-2 - -4). What is the highest common divisor of 28 and a?
4
Let k = 145 + 23. Calculate the greatest common divisor of 24 and k.
24
Let q(v) = 4*v + 4. Let p be q(3). Suppose 0*j + p = 2*j. Calculate the highest common divisor of 88 and j.
8
Let v = -16 - -20. Let b(x) = 2*x**3 - 4*x**2 + 3*x - 1. Let z be b(v). What is the highest common factor of 15 and z?
15
Let r be -3*(-2 - 2 - -3). Suppose -5*s - 235 = -3*u, 3*s = -r*u - 52 + 295. What is the greatest common divisor of 10 and u?
10
Suppose -4*z + 17 = -3. Suppose -m - 28 = -z*m. What is the greatest common factor of 7 and m?
7
Suppose 4*m + 608 = 8*m. Let z be (1/2)/(1/4). Let c be z/11 + m/11. What is the highest common factor of c and 126?
14
Let q be (5 - 35)/(2/(-1)). Let o be (2 - -3)*72/q. What is the greatest common divisor of 6 and o?
6
Let q = 461 + -290. Suppose 0 = 5*w - 5, -2*w - 90 = -5*a + 3*w. Calculate the highest common divisor of a and q.
19
Let q(b) be the first derivative of b**4/4 + 4*b**3/3 - 4*b**2 - 7*b + 3. Let f be q(-5). What is the highest common divisor of 88 and f?
8
Suppose -2*b + b + 42 = 0. Let g(a) = a**2 - a + 6. Let s be g(0). Calculate the greatest common factor of s and b.
6
Suppose 0 = 3*i + i. Suppose i*q + 15 = 3*q. Calculate the highest common divisor of 10 and q.
5
Let b be 3/6 + 6/4. Suppose -4*p = -4*c - 32, -b*p - c + 4 = -0*p. Suppose -4*r - 5 = i, -p*i - r = r - 36. What is the greatest common divisor of 11 and i?
11
Let h be 39*(-4)/(-48)*8. What is the greatest common divisor of h and 39?
13
Suppose -2*d + 3*d = 5. Suppose d*t - 85 = -0*t. Let i(u) = 13*u**2 + 2. Let g be i(3). Calculate the greatest common divisor of t and g.
17
Suppose -32*c + 5220 = -12*c. Calculate the greatest common divisor of c and 29.
29
Suppose 4*t + j - 94 = 4*j, j = -4*t + 102. What is the highest common factor of t and 175?
25
Let o = -22 - -42. What is the greatest common factor of o and 160?
20
Let t(z) = z**2 + 2*z. Let k be t(-3). Let w = 6 - 4. Suppose -w*m + 0*m + 1 = -5*f, f = 3*m - 8. Calculate the highest common divisor of m and k.
3
Let k be (-6)/(-4)*(-4)/(-3). Suppose d = 3*d - 3*z - 9, k*z + 14 = 4*d. Let v(w) = w + 6. Let j be v(6). What is the greatest common factor of d and j?
3
Let h(u) = u**2 + 8*u + 6. Let j be h(-9). Let d(c) = 4 + 4 - 23*c - 4. Let q be d(-7). What is the highest common factor of j and q?
15
Suppose 1 = -z + 3. Let q = -9 + 17. Let i be 21/z*q/6. What is the greatest common factor of i and 7?
7
Let a be 3/5 + (-552)/(-30). Let w = a + 6. What is the greatest common divisor of w and 5?
5
Suppose 18*g - 612 = 16*g. Calculate the highest common divisor of g and 34.
34
Suppose 0 = -g + 4*g - 3. Calculate the greatest common divisor of g and 5.
1
Let h be 819/6 + (-1)/2. What is the highest common factor of h and 17?
17
Let m = -16 - -18. Suppose 2*d + m*d = 16. What is the highest common divisor of d and 1?
1
Let y = 5 - 10. Let g be (y - -2)*1/(-3). Let f be 11/(4/(-2) - -3). Calculate the highest common factor of f and g.
1
Let i(c) be the third derivative of -c**4/4 - c**3/3 + 4*c**2. Let l be i(-5). Calculate the greatest common factor of l and 14.
14
Let k = 4 + -1. Suppose -2*c = 3*b - 167, -2*b - k*b + 161 = 2*c. Calculate the greatest common divisor of 8 and c.
8
Suppose 3*p - 5 + 27 = 4*l, 9 = -2*p - 3*l. Let m(v) = -2*v - 8. Let a be m(p). Let c = 48 + -24. What is the greatest common factor of a and c?
4
Let a(n) = n**3 + 13*n**2 + 11*n + 10. Let j be a(-12). What is the highest common divisor of 242 and j?
22
Let g(m) = 12*m + 3. Let o be g(11). What is the highest common factor of 15 and o?
15
Let d be 100/6 - (20/(-6) - -4). What is the greatest common divisor of 32 and d?
16
Let t be -6 + (-130)/(-25) - 139/(-5). Calculate the highest common factor of t and 189.
27
Let a be (57*-1)/((-45)/75). What is the greatest common divisor of 38 and a?
19
Let p = -52 - -74. Suppose 0 = -u - 2 + p. Let x be (-9)/(-36) + 398/8. What is the highest common factor of u and x?
10
Suppose -4*u + 69 = -63. What is the highest common factor of u and 330?
33
Suppose 2*u + 38 = 4*u. Calculate the highest common divisor of u and 19.
19
Let j be (-10 + 2)/(14/(-7)). Calculate the highest common divisor of j and 44.
4
Let l(s) = s**3 - 3*s**2 - 5*s - 6. Let a be l(5). Let g = 25 - -3. Let h = g - a. What is the highest common factor of h and 6?
3
Suppose -4*s - 2*u - 76 = -